?
2, 10067
What are the prime factors of 5324?
2, 11
List the prime factors of 44122.
2, 13, 1697
List the prime factors of 50819.
89, 571
What are the prime factors of 166?
2, 83
List the prime factors of 1660.
2, 5, 83
List the prime factors of 334.
2, 167
What are the prime factors of 2951?
13, 227
List the prime factors of 1286.
2, 643
List the prime factors of 3285.
3, 5, 73
List the prime factors of 634.
2, 317
List the prime factors of 3824.
2, 239
What are the prime factors of 1077?
3, 359
What are the prime factors of 23039?
23039
List the prime factors of 847.
7, 11
List the prime factors of 81924.
2, 3, 6827
List the prime factors of 1021.
1021
List the prime factors of 1737.
3, 193
List the prime factors of 8259.
3, 2753
List the prime factors of 41564.
2, 10391
What are the prime factors of 5689?
5689
What are the prime factors of 65191?
7, 67, 139
What are the prime factors of 1334?
2, 23, 29
What are the prime factors of 9396?
2, 3, 29
What are the prime factors of 390?
2, 3, 5, 13
List the prime factors of 8847.
3, 983
What are the prime factors of 6032?
2, 13, 29
List the prime factors of 211.
211
List the prime factors of 99430.
2, 5, 61, 163
What are the prime factors of 4437?
3, 17, 29
List the prime factors of 901.
17, 53
What are the prime factors of 5901?
3, 7, 281
What are the prime factors of 12248?
2, 1531
What are the prime factors of 182374?
2, 67, 1361
List the prime factors of 17749.
17749
List the prime factors of 114.
2, 3, 19
List the prime factors of 2939.
2939
What are the prime factors of 1629?
3, 181
What are the prime factors of 91?
7, 13
What are the prime factors of 1469?
13, 113
What are the prime factors of 5506?
2, 2753
What are the prime factors of 38118?
2, 3, 6353
List the prime factors of 171.
3, 19
List the prime factors of 38.
2, 19
List the prime factors of 20027.
7, 2861
List the prime factors of 1284.
2, 3, 107
What are the prime factors of 1220?
2, 5, 61
What are the prime factors of 96010?
2, 5, 9601
What are the prime factors of 120265?
5, 67, 359
List the prime factors of 63629.
63629
What are the prime factors of 2299?
11, 19
What are the prime factors of 60253?
89, 677
List the prime factors of 887.
887
List the prime factors of 45391.
19, 2389
List the prime factors of 21790.
2, 5, 2179
List the prime factors of 22535.
5, 4507
What are the prime factors of 118829?
331, 359
What are the prime factors of 2393?
2393
What are the prime factors of 3269?
7, 467
What are the prime factors of 42154?
2, 7, 3011
List the prime factors of 422.
2, 211
List the prime factors of 14056.
2, 7, 251
What are the prime factors of 9025?
5, 19
What are the prime factors of 20736?
2, 3
List the prime factors of 907.
907
What are the prime factors of 957?
3, 11, 29
What are the prime factors of 217?
7, 31
List the prime factors of 41329.
37, 1117
List the prime factors of 11935.
5, 7, 11, 31
List the prime factors of 8220.
2, 3, 5, 137
What are the prime factors of 17959?
17959
What are the prime factors of 3696?
2, 3, 7, 11
What are the prime factors of 1144?
2, 11, 13
What are the prime factors of 2062?
2, 1031
List the prime factors of 3908.
2, 977
List the prime factors of 2321.
11, 211
What are the prime factors of 1649?
17, 97
List the prime factors of 51240.
2, 3, 5, 7, 61
What are the prime factors of 12253?
12253
What are the prime factors of 1231?
1231
List the prime factors of 71199.
3, 293
What are the prime factors of 82?
2, 41
List the prime factors of 6877.
13, 23
What are the prime factors of 11060?
2, 5, 7, 79
What are the prime factors of 2914?
2, 31, 47
List the prime factors of 7403.
11, 673
What are the prime factors of 76038?
2, 3, 19, 23, 29
What are the prime factors of 28179?
3, 31, 101
What are the prime factors of 349?
349
List the prime factors of 76229.
31, 2459
What are the prime factors of 166173?
3, 7, 41, 193
What are the prime factors of 14192?
2, 887
List the prime factors of 2334.
2, 3, 389
List the prime factors of 10788.
2, 3, 29, 31
List the prime factors of 47642.
2, 7, 41, 83
What are the prime factors of 64020?
2, 3, 5, 11, 97
List the prime factors of 9.
3
What are the prime factors of 9585?
3, 5, 71
List the prime factors of 1573.
11, 13
What are the prime factors of 82068?
2, 3, 7, 977
What are the prime factors of 1352?
2, 13
What are the prime factors of 1973?
1973
List the prime factors of 16889.
16889
List the prime factors of 641.
641
List the prime factors of 26897.
13, 2069
List the prime factors of 52734.
2, 3, 11, 17, 47
What are the prime factors of 90?
2, 3, 5
What are the prime factors of 3790?
2, 5, 379
List the prime factors of 2283.
3, 761
List the prime factors of 42275.
5, 19, 89
List the prime factors of 48874.
2, 7, 3491
List the prime factors of 38739.
3, 37, 349
List the prime factors of 1108.
2, 277
List the prime factors of 3974.
2, 1987
List the prime factors of 2681.
7, 383
What are the prime factors of 31508?
2, 7877
What are the prime factors of 883?
883
List the prime factors of 13573.
7, 277
List the prime factors of 30943.
11, 29, 97
List the prime factors of 257.
257
What are the prime factors of 7326?
2, 3, 11, 37
List the prime factors of 1099.
7, 157
List the prime factors of 25566.
2, 3, 4261
What are the prime factors of 13829?
13829
What are the prime factors of 661?
661
What are the prime factors of 18331?
23, 797
List the prime factors of 3431.
47, 73
What are the prime factors of 29806?
2, 7, 2129
List the prime factors of 49533.
3, 11, 19, 79
List the prime factors of 3077.
17, 181
List the prime factors of 3503.
31, 113
List the prime factors of 25.
5
List the prime factors of 3343.
3343
List the prime factors of 730.
2, 5, 73
List the prime factors of 770.
2, 5, 7, 11
What are the prime factors of 7987?
7, 163
What are the prime factors of 19033?
7, 2719
List the prime factors of 895.
5, 179
List the prime factors of 1173.
3, 17, 23
List the prime factors of 277.
277
What are the prime factors of 3?
3
What are the prime factors of 7839?
3, 13, 67
What are the prime factors of 50080?
2, 5, 313
What are the prime factors of 16810?
2, 5, 41
List the prime factors of 1836.
2, 3, 17
List the prime factors of 42874.
2, 13, 17, 97
What are the prime factors of 3261?
3, 1087
List the prime factors of 411.
3, 137
What are the prime factors of 6663?
3, 2221
List the prime factors of 669.
3, 223
List the prime factors of 1037.
17, 61
List the prime factors of 4267.
17, 251
What are the prime factors of 1077?
3, 359
List the prime factors of 10302.
2, 3, 17, 101
List the prime factors of 2358.
2, 3, 131
What are the prime factors of 7442?
2, 61
What are the prime factors of 1934?
2, 967
What are the prime factors of 6139?
7, 877
What are the prime factors of 77616?
2, 3, 7, 11
List the prime factors of 30861.
3, 127
What are the prime factors of 74663?
197, 379
List the prime factors of 41608.
2, 7, 743
List the prime factors of 68.
2, 17
List the prime factors of 1938.
2, 3, 17, 19
List the prime factors of 13898.
2, 6949
List the prime factors of 4052.
2, 1013
What are the prime factors of 12534?
2, 3, 2089
List the prime factors of 88606.
2, 7, 6329
What are the prime factors of 29541?
3, 43, 229
What are the prime factors of 300?
2, 3, 5
List the prime factors of 32299.
32299
What are the prime factors of 5659?
5659
List the prime factors of 584.
2, 73
List the prime factors of 2723.
7, 389
List the prime factors of 164.
2, 41
What are the prime factors of 4979?
13, 383
List the prime factors of 35840.
2, 5, 7
List the prime factors of 1192.
2, 149
What are the prime factors of 4723?
4723
List the prime factors of 5416.
2, 677
What are the prime factors of 10957?
10957
List the prime factors of 23852.
2, 67, 89
What are the prime factors of 19967?
41, 487
What are the prime factors of 1010?
2, 5, 101
List the prime factors of 29055.
3, 5, 13, 149
List the prime factors of 919.
919
What are the prime factors of 11481?
3, 43, 89
What are the prime factors of 2087?
2087
List the prime factors of 23132.
2, 5783
List the prime factors of 864.
2, 3
What are the prime factors of 1928?
2, 241
List the prime factors of 1401.
3, 467
List the prime factors of 48537.
3, 5393
What are the prime factors of 4106?
2, 2053
What are the prime